he tens digit of 204027?
2
What is the ten thousands digit of 34294?
3
What is the units digit of 339290?
0
What is the ten millions digit of 41524658?
4
What is the tens digit of 700774?
7
What is the ten thousands digit of 7600763?
0
What is the units digit of 1637928?
8
What is the ten thousands digit of 490743?
9
What is the hundred thousands digit of 286004?
2
What is the thousands digit of 9035575?
5
What is the hundreds digit of 5166461?
4
What is the units digit of 20753757?
7
What is the tens digit of 145688?
8
What is the thousands digit of 105816?
5
What is the millions digit of 3329986?
3
What is the hundreds digit of 366922?
9
What is the hundreds digit of 46569?
5
What is the thousands digit of 2268127?
8
What is the tens digit of 1414935?
3
What is the ten thousands digit of 1930583?
3
What is the hundreds digit of 9273872?
8
What is the ten thousands digit of 32626093?
2
What is the ten thousands digit of 19320709?
2
What is the ten thousands digit of 22629229?
2
What is the thousands digit of 708971?
8
What is the hundreds digit of 80366?
3
What is the hundred thousands digit of 2408600?
4
What is the tens digit of 152002?
0
What is the units digit of 7587159?
9
What is the ten thousands digit of 1039056?
3
What is the hundred thousands digit of 1635000?
6
What is the tens digit of 457729?
2
What is the hundred thousands digit of 783389?
7
What is the hundreds digit of 740921?
9
What is the thousands digit of 204942?
4
What is the ten thousands digit of 77395?
7
What is the tens digit of 158355?
5
What is the hundreds digit of 973354?
3
What is the units digit of 239060?
0
What is the hundred thousands digit of 4775494?
7
What is the hundred thousands digit of 657377?
6
What is the hundred thousands digit of 6260459?
2
What is the units digit of 1649496?
6
What is the ten thousands digit of 4060940?
6
What is the units digit of 965493?
3
What is the thousands digit of 1890230?
0
What is the millions digit of 8653961?
8
What is the ten thousands digit of 17503?
1
What is the ten millions digit of 10500120?
1
What is the tens digit of 13501828?
2
What is the ten thousands digit of 318724?
1
What is the millions digit of 6540822?
6
What is the millions digit of 6047059?
6
What is the thousands digit of 2175?
2
What is the units digit of 115716?
6
What is the hundred thousands digit of 1668108?
6
What is the units digit of 139603?
3
What is the millions digit of 3522136?
3
What is the hundreds digit of 211345?
3
What is the hundred thousands digit of 20910892?
9
What is the hundred thousands digit of 9661438?
6
What is the ten thousands digit of 7999378?
9
What is the millions digit of 6426086?
6
What is the ten thousands digit of 482948?
8
What is the ten millions digit of 12533708?
1
What is the hundred thousands digit of 452338?
4
What is the hundred thousands digit of 345839?
3
What is the millions digit of 1027124?
1
What is the ten thousands digit of 7912805?
1
What is the hundred thousands digit of 3147795?
1
What is the ten thousands digit of 166602?
6
What is the hundreds digit of 21289102?
1
What is the thousands digit of 1235678?
5
What is the hundreds digit of 5926951?
9
What is the units digit of 2555031?
1
What is the tens digit of 1031623?
2
What is the hundred thousands digit of 1637127?
6
What is the thousands digit of 297844?
7
What is the hundreds digit of 347150?
1
What is the units digit of 5171705?
5
What is the hundreds digit of 33434?
4
What is the thousands digit of 2145989?
5
What is the ten thousands digit of 189426?
8
What is the units digit of 2345843?
3
What is the tens digit of 716954?
5
What is the ten thousands digit of 248583?
4
What is the hundreds digit of 33053110?
1
What is the thousands digit of 78369?
8
What is the thousands digit of 6809077?
9
What is the hundreds digit of 1970408?
4
What is the thousands digit of 71831?
1
What is the units digit of 24344?
4
What is the tens digit of 820533?
3
What is the tens digit of 255976?
7
What is the thousands digit of 139171?
9
What is the thousands digit of 1276443?
6
What is the hundreds digit of 2587101?
1
What is the tens digit of 976743?
4
What is the thousands digit of 326987?
6
What is the ten thousands digit of 844843?
4
What is the units digit of 4537054?
4
What is the units digit of 301782?
2
What is the thousands digit of 419681?
9
What is the tens digit of 771528?
2
What is the tens digit of 118085?
8
What is the units digit of 846980?
0
What is the hundred thousands digit of 155380?
1
What is the millions digit of 9407359?
9
What is the hundred thousands digit of 304739?
3
What is the hundreds digit of 6598092?
0
What is the thousands digit of 11389789?
9
What is the hundreds digit of 3900613?
6
What is the millions digit of 3514809?
3
What is the ten thousands digit of 4566841?
6
What is the tens digit of 362660?
6
What is the units digit of 1839233?
3
What is the thousands digit of 39220?
9
What is the ten thousands digit of 640132?
4
What is the hundred thousands digit of 911395?
9
What is the ten thousands digit of 3586497?
8
What is the tens digit of 2319748?
4
What is the tens digit of 4244717?
1
What is the ten thousands digit of 587597?
8
What is the thousands digit of 5205835?
5
What is the tens digit of 4848759?
5
What is the ten thousands digit of 459937?
5
What is the hundreds digit of 420994?
9
What is the ten thousands digit of 62717?
6
What is the tens digit of 441015?
1
What is the ten thousands digit of 175126?
7
What is the units digit of 26421320?
0
What is the millions digit of 6625323?
6
What is the units digit of 107028?
8
What is the tens digit of 81794?
9
What is the units digit of 10450919?
9
What is the units digit of 292578?
8
What is the tens digit of 5976980?
8
What is the millions digit of 2276763?
2
What is the hundred thousands digit of 398541?
3
What is the thousands digit of 4118971?
8
What is the hundreds digit of 158725?
7
What is the hundred thousands digit of 29274278?
2
What is the ten thousands digit of 87014?
8
What is the ten thousands digit of 125749?
2
What is the tens digit of 968516?
1
What is the millions digit of 10740923?
0
What is the millions digit of 2634117?
2
What is the millions digit of 13244031?
3
What is the hundreds digit of 1780035?
0
What is the hundreds digit of 53464?
4
What is the tens digit of 940197?
9
What is the ten thousands digit of 4976083?
7
What is the thousands digit of 485445?
5
What is the tens digit of 153324?
2
What is the hundred thousands digit of 604670?
6
What is the tens digit of 2062264?
6
What is the hundred thousands digit of 417400?
4
What is the units digit of 27661?
1
What is the ten thousands digit of 17064155?
6
What is the tens digit of 102054?
5
What is the tens digit of 770915?
1
What is the ten thousands digit of 1594505?
9
What is the hundreds digit of 6942764?
7
What is the tens digit of 3506918?
1
What is the ten thousands digit of 96419?
9
What is the units digit of 149990?
0
What is the hundred thousands digit of 339543?
3
What is the tens digit of 6510?
1
What is the units digit of 639133?
3
What is the tens digit of 22340?
4
What is the tens digit of 1837948?
4
What is the thousands digit of 200750?
0
What is the thousands digit of 410594?
0
What is the ten thousands digit of 658454?
5
What is the millions digit of 3441898?
3
What is the thousands digit of 44971?
4
What is the units digit of 4786490?
0
What is the ten thousands digit of 12627432?
2
What is the hundreds digit of 14544430?
4
What is the units digit of 4470899?
9
What is the hundreds digit of 675908?
9
What is the units digit of 65791?
1
What is the ten thousands digit of 7526557?
2
What is the thousands digit of 657844?
7
What is the tens digit of 13414880?
8
What is the ten thousands digit of 11653582?
5
What is the tens digit of 1636270?
7
What is the units digit of 3156298?
8
What is the thousands digit of 26313?
6
What is the thousands digit of 1030462?
0
What is the hundred thousands digit of 2127090?
1
What is the units digit of 166220?
0
What is the thousands digit of 13653399?
3
What is the units digit of 3259275?
5
What is the units digit of 46164?
4
What is the tens digit of 41256?
5
What is the ten millions digit of 10861697?
1
What is the hundred thousand